{"id":58,"date":"2015-07-22T16:27:01","date_gmt":"2015-07-22T21:27:01","guid":{"rendered":"http:\/\/mde.org.co\/mde15\/?page_id=58"},"modified":"2016-01-14T14:54:13","modified_gmt":"2016-01-14T19:54:13","slug":"mde15","status":"publish","type":"page","link":"https:\/\/mde.org.co\/mde15\/es\/programa\/mde15\/","title":{"rendered":"MDE15"},"content":{"rendered":"<p><\/p>\n<h1><strong>HISTORIAS LOCALES \/ PR\u00c1CTICAS GLOBALES<\/strong><\/h1>\n<h3>Encuentro Internacional\u00a0de Arte de Medell\u00edn 2015, MDE15<\/h3>\n<div style=\"max-width: 1333px;\">\n<div style=\"left: 0; width: 100%; height: 0; position: relative; padding-bottom: 56.25%;\"><iframe title=\"MDE15\" src=\"\/\/if-cdn.com\/jjEjAJE?maxheight=750\" style=\"top: 0; left: 0; width: 100%; height: 100%; position: absolute; border: 0;\" allowfullscreen scrolling=\"no\" allow=\"encrypted-media *;\"><\/iframe><\/div>\n<\/div>\n<p>Este proyecto apunta a la creaci\u00f3n de un\u00a0momento de reflexi\u00f3n y compromiso con la\u00a0reciente transformaci\u00f3n de Medell\u00edn desde el\u00a0cambio de milenio; el tema <em>Historias locales\/Pr\u00e1cticas globales<\/em> tiene ese fin. Medell\u00edn es\u00a0considerada una progresista ciudad latinoamericana\u00a0que ha implementado programas\u00a0innovadores para estimular transformaciones\u00a0urbanas y sociales. No obstante, si bien\u00a0el cambio y la transformaci\u00f3n de la ciudad\u00a0son reales y tangibles, las din\u00e1micas de los\u00a0procesos que los sustentan son particularmente\u00a0complejas desde el punto de vista \u00e9tico.\u00a0Para ayudar a entender tales din\u00e1micas,\u00a0proponemos enfocarnos en esos procesos de\u00a0cambio y explorarlos a trav\u00e9s de obras de artistas,\u00a0trabajos comisionados y otras iniciativas de\u00a0orientaci\u00f3n social que pueden, incluso, insertarse\u00a0en espacios m\u00e1s all\u00e1 del campo art\u00edstico.<\/p>\n<p>El MDE15 se inserta en el tejido social de\u00a0la ciudad y, a la vez, comparte narrativas,\u00a0experiencias y pr\u00e1cticas de otras partes del\u00a0mundo. Como es usual en este tipo de casos, las\u00a0realidades f\u00edsicas y sociales que estos cambios\u00a0generan inducen o estimulan respuestas sicol\u00f3gicas,\u00a0f\u00edsicas, econ\u00f3micas y sociales, que\u00a0van desde asuntos de confiabilidad y seguridad\u00a0hasta bienestar econ\u00f3mico. Las narrativas\u00a0e historias que surgen de la observaci\u00f3n\u00a0y las experiencias vividas directamente\u00a0por la gente en las comunidades a menudo\u00a0abordan los mecanismos de ajuste que se\u00a0requieren para sobrevivir y prosperar en medio\u00a0de esos cambios, a un ritmo que supera la\u00a0habilidad de los ciudadanos y las sociedades\u00a0para asimilarlos. El MDE15 abre un espacio de\u00a0debate que contribuir\u00e1 a revelar los aspectos\u00a0no dichos y menos visibles en la cotidianidad,\u00a0tales como la memoria, el pasado y la persistencia\u00a0de problemas estructurales, pero tambi\u00e9n\u00a0la capacidad de resiliencia de la ciudad. El\u00a0proyecto, adem\u00e1s, recurre al potencial del\u00a0arte para convocar y potenciar la capacidad\u00a0de la imaginaci\u00f3n individual y colectiva para\u00a0resignificar situaciones complejas.<\/p>\n<p>En este contexto, y en el de un mundo del arte\u00a0que est\u00e1 constantemente cambiando su definici\u00f3n\u00a0de lo que son las pr\u00e1cticas art\u00edsticas, el\u00a0MDE15 ha sido pensado.<\/p>\n<p><strong>Ejes curatoriales:<\/strong> la selecci\u00f3n de pr\u00e1cticas\u00a0art\u00edsticas busca revelar, entre otros asuntos:<\/p>\n<ol>\n<li>La topograf\u00eda social y las din\u00e1micas de\u00a0poder como premisas para la reflexi\u00f3n y la\u00a0intervenci\u00f3n en el tejido de la ciudad.<\/li>\n<li>El arte y la cultura como repertorios de\u00a0t\u00e1cticas de resistencia y de reapropiaci\u00f3n.<\/li>\n<li>Las pr\u00e1cticas art\u00edsticas alternativas, el\u00a0activismo, la arquitectura y el urbanismo,\u00a0que abordan y cuestionan las normas establecidas\u00a0y las formas de vida en la ciudad.<\/li>\n<\/ol>\n<p><strong>Temas<\/strong><\/p>\n<ol>\n<li><a href=\"https:\/\/mde.org.co\/mde15\/es\/tema\/violencia-conflicto-y-memoria\/\" target=\"_blank\">Violencia, conflicto y memoria<\/a><\/li>\n<li><a href=\"https:\/\/mde.org.co\/mde15\/es\/tema\/historias-locales-en-el-contexto-global\/\" target=\"_blank\">Historias locales en el contexto global<\/a><\/li>\n<li><a href=\"https:\/\/mde.org.co\/mde15\/es\/tema\/las-dinamicas-del-poder-sobre-el-cuerpo\/\" target=\"_blank\">Las din\u00e1micas de poder sobre el cuerpo<\/a><\/li>\n<li><a href=\"https:\/\/mde.org.co\/mde15\/es\/tema\/vacilando-la-institucion\/\" target=\"_blank\">Vacilando la instituci\u00f3n<\/a><\/li>\n<li><a href=\"https:\/\/mde.org.co\/mde15\/es\/tema\/ciudad-resiliente-suenos-deseos-y-posibilidades\/\" target=\"_blank\">Ciudad resiliente: sue\u00f1os,\u00a0deseos y posibilidades<\/a><\/li>\n<\/ol>\n<p><strong>Folleto MDE15:<\/strong><\/p>\n<div>\n<div style=\"left: 0; width: 100%; height: 0; position: relative; padding-bottom: 75%;\"><iframe title=\"Folleto MDE15\" src=\"\/\/if-cdn.com\/SFVrxLG?maxheight=750&#038;app=1\" style=\"top: 0; left: 0; width: 100%; height: 100%; position: absolute; border: 0;\" allowfullscreen><\/iframe><\/div>\n<\/div>\n<p><script async src=\"\/\/if-cdn.com\/embed.js\" charset=\"utf-8\"><\/script><\/p>","protected":false},"excerpt":{"rendered":"<p>HISTORIAS LOCALES \/ PR\u00c1CTICAS GLOBALES Encuentro Internacional\u00a0de Arte de Medell\u00edn 2015, MDE15 Este proyecto apunta a la creaci\u00f3n de un\u00a0momento de reflexi\u00f3n y compromiso con la\u00a0reciente transformaci\u00f3n de Medell\u00edn desde&hellip;<\/p>\n","protected":false},"author":5,"featured_media":1321,"parent":1229,"menu_order":0,"comment_status":"open","ping_status":"open","template":"","meta":{"footnotes":""},"class_list":["post-58","page","type-page","status-publish","has-post-thumbnail","hentry"],"_links":{"self":[{"href":"https:\/\/mde.org.co\/mde15\/es\/wp-json\/wp\/v2\/pages\/58","targetHints":{"allow":["GET"]}}],"collection":[{"href":"https:\/\/mde.org.co\/mde15\/es\/wp-json\/wp\/v2\/pages"}],"about":[{"href":"https:\/\/mde.org.co\/mde15\/es\/wp-json\/wp\/v2\/types\/page"}],"author":[{"embeddable":true,"href":"https:\/\/mde.org.co\/mde15\/es\/wp-json\/wp\/v2\/users\/5"}],"replies":[{"embeddable":true,"href":"https:\/\/mde.org.co\/mde15\/es\/wp-json\/wp\/v2\/comments?post=58"}],"version-history":[{"count":26,"href":"https:\/\/mde.org.co\/mde15\/es\/wp-json\/wp\/v2\/pages\/58\/revisions"}],"predecessor-version":[{"id":8126,"href":"https:\/\/mde.org.co\/mde15\/es\/wp-json\/wp\/v2\/pages\/58\/revisions\/8126"}],"up":[{"embeddable":true,"href":"https:\/\/mde.org.co\/mde15\/es\/wp-json\/wp\/v2\/pages\/1229"}],"wp:featuredmedia":[{"embeddable":true,"href":"https:\/\/mde.org.co\/mde15\/es\/wp-json\/wp\/v2\/media\/1321"}],"wp:attachment":[{"href":"https:\/\/mde.org.co\/mde15\/es\/wp-json\/wp\/v2\/media?parent=58"}],"curies":[{"name":"wp","href":"https:\/\/api.w.org\/{rel}","templated":true}]}}

<p></p>
<h1><strong>HISTORIAS LOCALES / PRÁCTICAS GLOBALES</strong></h1>
<h3>Encuentro Internacional de Arte de Medellín 2015, MDE15</h3>
<div style="max-width: 1333px;">
<div style="left: 0; width: 100%; height: 0; position: relative; padding-bottom: 56.25%;"><iframe title="MDE15" src="//if-cdn.com/jjEjAJE?maxheight=750" style="top: 0; left: 0; width: 100%; height: 100%; position: absolute; border: 0;" allowfullscreen scrolling="no" allow="encrypted-media *;"></iframe></div>
</div>
<p>Este proyecto apunta a la creación de un momento de reflexión y compromiso con la reciente transformación de Medellín desde el cambio de milenio; el tema <em>Historias locales/Prácticas globales</em> tiene ese fin. Medellín es considerada una progresista ciudad latinoamericana que ha implementado programas innovadores para estimular transformaciones urbanas y sociales. No obstante, si bien el cambio y la transformación de la ciudad son reales y tangibles, las dinámicas de los procesos que los sustentan son particularmente complejas desde el punto de vista ético. Para ayudar a entender tales dinámicas, proponemos enfocarnos en esos procesos de cambio y explorarlos a través de obras de artistas, trabajos comisionados y otras iniciativas de orientación social que pueden, incluso, insertarse en espacios más allá del campo artístico.</p>
<p>El MDE15 se inserta en el tejido social de la ciudad y, a la vez, comparte narrativas, experiencias y prácticas de otras partes del mundo. Como es usual en este tipo de casos, las realidades físicas y sociales que estos cambios generan inducen o estimulan respuestas sicológicas, físicas, económicas y sociales, que van desde asuntos de confiabilidad y seguridad hasta bienestar económico. Las narrativas e historias que surgen de la observación y las experiencias vividas directamente por la gente en las comunidades a menudo abordan los mecanismos de ajuste que se requieren para sobrevivir y prosperar en medio de esos cambios, a un ritmo que supera la habilidad de los ciudadanos y las sociedades para asimilarlos. El MDE15 abre un espacio de debate que contribuirá a revelar los aspectos no dichos y menos visibles en la cotidianidad, tales como la memoria, el pasado y la persistencia de problemas estructurales, pero también la capacidad de resiliencia de la ciudad. El proyecto, además, recurre al potencial del arte para convocar y potenciar la capacidad de la imaginación individual y colectiva para resignificar situaciones complejas.</p>
<p>En este contexto, y en el de un mundo del arte que está constantemente cambiando su definición de lo que son las prácticas artísticas, el MDE15 ha sido pensado.</p>
<p><strong>Ejes curatoriales:</strong> la selección de prácticas artísticas busca revelar, entre otros asuntos:</p>
<ol>
<li>La topografía social y las dinámicas de poder como premisas para la reflexión y la intervención en el tejido de la ciudad.</li>
<li>El arte y la cultura como repertorios de tácticas de resistencia y de reapropiación.</li>
<li>Las prácticas artísticas alternativas, el activismo, la arquitectura y el urbanismo, que abordan y cuestionan las normas establecidas y las formas de vida en la ciudad.</li>
</ol>
<p><strong>Temas</strong></p>
<ol>
<li><a href="https://mde.org.co/mde15/es/tema/violencia-conflicto-y-memoria/" target="_blank">Violencia, conflicto y memoria</a></li>
<li><a href="https://mde.org.co/mde15/es/tema/historias-locales-en-el-contexto-global/" target="_blank">Historias locales en el contexto global</a></li>
<li><a href="https://mde.org.co/mde15/es/tema/las-dinamicas-del-poder-sobre-el-cuerpo/" target="_blank">Las dinámicas de poder sobre el cuerpo</a></li>
<li><a href="https://mde.org.co/mde15/es/tema/vacilando-la-institucion/" target="_blank">Vacilando la institución</a></li>
<li><a href="https://mde.org.co/mde15/es/tema/ciudad-resiliente-suenos-deseos-y-posibilidades/" target="_blank">Ciudad resiliente: sueños, deseos y posibilidades</a></li>
</ol>
<p><strong>Folleto MDE15:</strong></p>
<div>
<div style="left: 0; width: 100%; height: 0; position: relative; padding-bottom: 75%;"><iframe title="Folleto MDE15" src="//if-cdn.com/SFVrxLG?maxheight=750&#038;app=1" style="top: 0; left: 0; width: 100%; height: 100%; position: absolute; border: 0;" allowfullscreen></iframe></div>
</div>
<p><script async src="//if-cdn.com/embed.js" charset="utf-8"></script></p>

<p>HISTORIAS LOCALES / PRÁCTICAS GLOBALES Encuentro Internacional de Arte de Medellín 2015, MDE15 Este proyecto apunta a la creación de un momento de reflexión y compromiso con la reciente transformación de Medellín desde&hellip;</p>
