{"id":181,"date":"2015-09-09T11:28:17","date_gmt":"2015-09-09T16:28:17","guid":{"rendered":"http:\/\/mde.org.co\/mde15\/?page_id=181"},"modified":"2015-10-18T09:49:33","modified_gmt":"2015-10-18T14:49:33","slug":"historia","status":"publish","type":"page","link":"https:\/\/mde.org.co\/mde15\/es\/programa\/mde15\/historia\/","title":{"rendered":"Historia"},"content":{"rendered":"<p>En los c\u00f3digos internacionales para la identificaci\u00f3n de aeropuertos, MDE es la sigla que responde a Medell\u00edn. \u00a0En 1981, el artista conceptual Adolfo Bernal lanz\u00f3 por radio una consigna en clave morse, con motivo del Coloquio de arte no objetual: MDE S.O.S. la sigla que designa internacionalmente a la ciudad, acompa\u00f1ada de un llamado de auxilio. \u00a0La respuesta lleg\u00f3 un cuarto de siglo despu\u00e9s.<\/p>\n<p>Ante la ausencia de bienales y eventos de arte en Medell\u00edn surge la pregunta: \u00bfPara qu\u00e9 Medell\u00edn necesita un encuentro de arte?<\/p>\n<p>El MDE responde a la necesidad de realizar un encuentro internacional de arte que sirva para reflexionar sobre la transformaci\u00f3n urbana de Medell\u00edn y su impacto social a trav\u00e9s de pr\u00e1cticas art\u00edsticas, con un sentido diferente al de exponer obras en un evento masivo.<\/p>\n<p>El MDE naci\u00f3 en el a\u00f1o 2007 y es realizado cada 4 a\u00f1os. El Encuentro propone una plataforma que combina:<\/p>\n<ul>\n<li>\u00a0 Espacios expositivos.<\/li>\n<li>\u00a0 Encuentros pedag\u00f3gicos y educativos.<\/li>\n<li>\u00a0 Intercambio entre artistas y comunidades de Medell\u00edn y el mundo en un trabajo conjunto de reflexi\u00f3n y creaci\u00f3n<\/li>\n<\/ul>\n<p>En sus dos ediciones anteriores, de 2007 y \u00a02011, fueron consolidados como prestigiosas plataformas internacionales que reconocen en las pr\u00e1cticas art\u00edsticas una herramienta efectiva para fortalecer el tejido social, la participaci\u00f3n ciudadana y la apropiaci\u00f3n del espacio p\u00fablico.<\/p>\n<p>La primera versi\u00f3n del MDE, realizada en 2007, tuvo como eje las Pr\u00e1cticas art\u00edsticas contempor\u00e1neas. Espacios de hospitalidad. Fueron invitados a Medell\u00edn 80 artistas, colectivos y proyectos. Se desarrollaron conferencias, exhibiciones, conversatorios, conciertos, ciclos de cine y otras actividades. 300,000 personas participaron del MDE07<\/p>\n<p>La segunda versi\u00f3n del MDE, realizada en 2011, tuvo como eje conceptual Ense\u00f1ar y aprender, lugares de conocimiento en el arte. En el MDE11 participaron 109 artistas y expertos de 24 pa\u00edses. Tuvo 5 espacios anfitriones locales, 76 proyectos acad\u00e9micos y actividades como talleres, conversatorios, investigaciones conjuntas y coproducci\u00f3n de obra.<\/p>\n<p>La base conceptual del MDE15 es \u201cHistorias locales \/Pr\u00e1cticas globales\u201d<\/p>\n<p>El MDE15 visibilizar\u00e1 las pr\u00e1cticas y trabajos de artistas cuyas preocupaciones van desde el trabajo convencional destinado a exposiciones hasta pr\u00e1cticas en comunidad que pueden no generar obras regularmente consideradas id\u00f3neas para ser expuestas en espacios expositivos tradicionales.<\/p>","protected":false},"excerpt":{"rendered":"<p>En los c\u00f3digos internacionales para la identificaci\u00f3n de aeropuertos, MDE es la sigla que responde a Medell\u00edn. \u00a0En 1981, el artista conceptual Adolfo Bernal lanz\u00f3 por radio una consigna en&hellip;<\/p>\n","protected":false},"author":5,"featured_media":0,"parent":58,"menu_order":1,"comment_status":"closed","ping_status":"closed","template":"","meta":{"footnotes":""},"class_list":["post-181","page","type-page","status-publish","hentry"],"_links":{"self":[{"href":"https:\/\/mde.org.co\/mde15\/es\/wp-json\/wp\/v2\/pages\/181","targetHints":{"allow":["GET"]}}],"collection":[{"href":"https:\/\/mde.org.co\/mde15\/es\/wp-json\/wp\/v2\/pages"}],"about":[{"href":"https:\/\/mde.org.co\/mde15\/es\/wp-json\/wp\/v2\/types\/page"}],"author":[{"embeddable":true,"href":"https:\/\/mde.org.co\/mde15\/es\/wp-json\/wp\/v2\/users\/5"}],"replies":[{"embeddable":true,"href":"https:\/\/mde.org.co\/mde15\/es\/wp-json\/wp\/v2\/comments?post=181"}],"version-history":[{"count":3,"href":"https:\/\/mde.org.co\/mde15\/es\/wp-json\/wp\/v2\/pages\/181\/revisions"}],"predecessor-version":[{"id":5680,"href":"https:\/\/mde.org.co\/mde15\/es\/wp-json\/wp\/v2\/pages\/181\/revisions\/5680"}],"up":[{"embeddable":true,"href":"https:\/\/mde.org.co\/mde15\/es\/wp-json\/wp\/v2\/pages\/58"}],"wp:attachment":[{"href":"https:\/\/mde.org.co\/mde15\/es\/wp-json\/wp\/v2\/media?parent=181"}],"curies":[{"name":"wp","href":"https:\/\/api.w.org\/{rel}","templated":true}]}}

<p>En los códigos internacionales para la identificación de aeropuertos, MDE es la sigla que responde a Medellín.  En 1981, el artista conceptual Adolfo Bernal lanzó por radio una consigna en clave morse, con motivo del Coloquio de arte no objetual: MDE S.O.S. la sigla que designa internacionalmente a la ciudad, acompañada de un llamado de auxilio.  La respuesta llegó un cuarto de siglo después.</p>
<p>Ante la ausencia de bienales y eventos de arte en Medellín surge la pregunta: ¿Para qué Medellín necesita un encuentro de arte?</p>
<p>El MDE responde a la necesidad de realizar un encuentro internacional de arte que sirva para reflexionar sobre la transformación urbana de Medellín y su impacto social a través de prácticas artísticas, con un sentido diferente al de exponer obras en un evento masivo.</p>
<p>El MDE nació en el año 2007 y es realizado cada 4 años. El Encuentro propone una plataforma que combina:</p>
<ul>
<li>  Espacios expositivos.</li>
<li>  Encuentros pedagógicos y educativos.</li>
<li>  Intercambio entre artistas y comunidades de Medellín y el mundo en un trabajo conjunto de reflexión y creación</li>
</ul>
<p>En sus dos ediciones anteriores, de 2007 y  2011, fueron consolidados como prestigiosas plataformas internacionales que reconocen en las prácticas artísticas una herramienta efectiva para fortalecer el tejido social, la participación ciudadana y la apropiación del espacio público.</p>
<p>La primera versión del MDE, realizada en 2007, tuvo como eje las Prácticas artísticas contemporáneas. Espacios de hospitalidad. Fueron invitados a Medellín 80 artistas, colectivos y proyectos. Se desarrollaron conferencias, exhibiciones, conversatorios, conciertos, ciclos de cine y otras actividades. 300,000 personas participaron del MDE07</p>
<p>La segunda versión del MDE, realizada en 2011, tuvo como eje conceptual Enseñar y aprender, lugares de conocimiento en el arte. En el MDE11 participaron 109 artistas y expertos de 24 países. Tuvo 5 espacios anfitriones locales, 76 proyectos académicos y actividades como talleres, conversatorios, investigaciones conjuntas y coproducción de obra.</p>
<p>La base conceptual del MDE15 es “Historias locales /Prácticas globales”</p>
<p>El MDE15 visibilizará las prácticas y trabajos de artistas cuyas preocupaciones van desde el trabajo convencional destinado a exposiciones hasta prácticas en comunidad que pueden no generar obras regularmente consideradas idóneas para ser expuestas en espacios expositivos tradicionales.</p>

<p>En los códigos internacionales para la identificación de aeropuertos, MDE es la sigla que responde a Medellín.  En 1981, el artista conceptual Adolfo Bernal lanzó por radio una consigna en&hellip;</p>
