{"id":499,"date":"2011-08-02T18:41:45","date_gmt":"2011-08-02T23:41:45","guid":{"rendered":"http:\/\/mde.org.co\/mde11\/wordpress\/?page_id=499"},"modified":"2011-08-02T18:41:45","modified_gmt":"2011-08-02T23:41:45","slug":"frente-3-de-fevereiro","status":"publish","type":"page","link":"https:\/\/mde.org.co\/mde11\/es\/artistas\/frente-3-de-fevereiro\/","title":{"rendered":"Frente 3 de Fevereiro"},"content":{"rendered":"<p><img loading=\"lazy\" decoding=\"async\" class=\"aligncenter size-full wp-image-501\" title=\"Frente 3 de Febrero\" src=\"https:\/\/mde.org.co\/mde11\/wp-content\/uploads\/sites\/3\/2011\/08\/Frente-3-de-Febrero.jpg\" alt=\"\" width=\"600\" height=\"280\" srcset=\"https:\/\/mde.org.co\/mde11\/wp-content\/uploads\/sites\/3\/2011\/08\/Frente-3-de-Febrero.jpg 600w, https:\/\/mde.org.co\/mde11\/wp-content\/uploads\/sites\/3\/2011\/08\/Frente-3-de-Febrero-300x140.jpg 300w\" sizes=\"auto, (max-width: 600px) 100vw, 600px\" \/><\/p>\n<p>El grupo naci\u00f3 en S\u00e3o Paulo (Brasil) tras el asesinato del joven negro Flavio Sant&#8217;Ana a manos de la Polic\u00eda Militar en el a\u00f1o 2004. Cada uno de los integrantes de <strong>Frente 3 de Febrero <\/strong>(su traducci\u00f3n al espa\u00f1ol) procede de diferentes saberes. Se enfocan en la investigaci\u00f3n e intervenci\u00f3n art\u00edstica del racismo en la sociedad brasile\u00f1a, creando nuevas formas de lectura y contextualizando la informaci\u00f3n fragmentada que lanzan los medios masivos de informaci\u00f3n.<\/p>\n<p><strong>Nuevas formas de manifestaci\u00f3n alrededor de asuntos raciales son la base de las intervenciones art\u00edsticas del grupo, <\/strong>un medio que les permite recuperar el legado art\u00edstico de generaciones que pensaron en maneras de interactuar con el espacio urbano, la lucha hist\u00f3rica y la resistencia de la cultura afro-brasile\u00f1a.<\/p>\n<p>Su proyecto propone establecer un espacio de intercambio, reflexi\u00f3n y experiencia acerca del pasado y el futuro de las sociedades latinoamericanas. Para ello <strong>construyen un espacio a partir de la conexi\u00f3n virtual entre experiencias de ocupaci\u00f3n militar o policial de \u201cfavelas\u201d en Hait\u00ed, Rio de Janeiro y Medell\u00edn.<\/strong><\/p>\n<p>Para reflexionar acerca de esos temas, Frente 3 de Fevereiro propone en el MDE11 conocer mejor la experiencia de Medell\u00edn a partir de entrevistas, intercambios y charlas. De esas interacciones, invitan a grupos e individuos de la ciudad a una conversaci\u00f3n p\u00fablica con el \u00e1nimo de discutir y proponer intervenciones urbanas en el espacio p\u00fablico. Desarrollan, adem\u00e1s, una producci\u00f3n audiovisual, musical y gr\u00e1fica como resultado del proyecto.<\/p>\n<p>Su trabajo en la ciudad de Medell\u00edn tiene una dimensi\u00f3n pedag\u00f3gica fuertemente unida al trabajo art\u00edstico. <strong>El reto es construir una relaci\u00f3n colaborativa con las comunidades, pero asumiendo la condici\u00f3n \u201cef\u00edmera del trabajo art\u00edstico, sin caer en paternalismos.\u201d<\/strong><strong><\/strong><\/p>\n<p>&nbsp;<\/p>\n<p><img loading=\"lazy\" decoding=\"async\" class=\"aligncenter size-full wp-image-500\" title=\"\" src=\"https:\/\/mde.org.co\/mde11\/wp-content\/uploads\/sites\/3\/2011\/08\/frase11.jpg\" alt=\"\" width=\"600\" height=\"90\" srcset=\"https:\/\/mde.org.co\/mde11\/wp-content\/uploads\/sites\/3\/2011\/08\/frase11.jpg 600w, https:\/\/mde.org.co\/mde11\/wp-content\/uploads\/sites\/3\/2011\/08\/frase11-300x45.jpg 300w\" sizes=\"auto, (max-width: 600px) 100vw, 600px\" \/><\/p>\n<p><strong>Sitio<br \/>\n<\/strong><a href=\"http:\/\/www.frente3defevereiro.com.br\/\">www.frente3defevereiro.com.br<\/a><\/p>\n<p>&nbsp;<\/p>\n<p><strong>Sitios de inter\u00e9s<\/strong><br \/>\n<a href=\"http:\/\/www.youtube.com\/user\/DanielLimaBR1\" target=\"_blank\">YouTube<br \/>\n<\/a><a href=\"http:\/\/www.frente3defevereiro.com.br\/blog\/\" target=\"_blank\">Blog<\/a><\/p>\n<p>&nbsp;<\/p>\n<h2>Participaci\u00f3n en el MDE11<\/h2>\n<p>&nbsp;<br \/>\nPresentaci\u00f3n de su proyecto: <a href=\"http:\/\/vimeo.com\/32173452\" target=\"_blank\">Frente 3 de Fevereiro<\/a> (Video)<\/p>\n<p><\/p>","protected":false},"excerpt":{"rendered":"<p>El grupo naci\u00f3 en S\u00e3o Paulo (Brasil) tras el asesinato del joven negro Flavio Sant&#8217;Ana a manos de la Polic\u00eda Militar en el a\u00f1o 2004. Cada uno de los integrantes de Frente 3 de Febrero (su traducci\u00f3n al espa\u00f1ol) procede de diferentes saberes. Se enfocan en la investigaci\u00f3n e intervenci\u00f3n art\u00edstica del racismo en la sociedad brasile\u00f1a, creando nuevas formas de lectura y contextualizando la informaci\u00f3n fragmentada que lanzan los medios masivos de informaci\u00f3n. Nuevas formas de manifestaci\u00f3n alrededor de asuntos raciales son la base de las intervenciones art\u00edsticas del grupo, un medio que les permite recuperar el legado art\u00edstico de generaciones que pensaron en maneras de interactuar con el espacio urbano, la lucha hist\u00f3rica y la resistencia de la cultura afro-brasile\u00f1a. Su proyecto propone establecer un espacio de intercambio, reflexi\u00f3n y experiencia acerca del pasado y el futuro de las sociedades latinoamericanas. Para ello construyen un espacio a partir de la conexi\u00f3n virtual entre experiencias de ocupaci\u00f3n militar o policial de \u201cfavelas\u201d en Hait\u00ed, Rio de Janeiro y Medell\u00edn. Para reflexionar acerca de esos temas, Frente 3 de Fevereiro propone en el MDE11 conocer mejor la experiencia de Medell\u00edn a partir de entrevistas, intercambios y charlas. De esas interacciones, invitan a grupos e individuos de la ciudad a una conversaci\u00f3n p\u00fablica con el \u00e1nimo de discutir y proponer intervenciones urbanas en el espacio p\u00fablico. Desarrollan, adem\u00e1s, una producci\u00f3n audiovisual, musical y gr\u00e1fica como resultado del proyecto. Su trabajo en la ciudad de Medell\u00edn tiene una dimensi\u00f3n pedag\u00f3gica fuertemente unida al trabajo art\u00edstico. El reto es construir una relaci\u00f3n colaborativa con las comunidades, pero asumiendo la condici\u00f3n \u201cef\u00edmera del trabajo art\u00edstico, sin caer en paternalismos.\u201d &nbsp; Sitio www.frente3defevereiro.com.br &nbsp; Sitios de inter\u00e9s YouTube Blog &nbsp; Participaci\u00f3n en el MDE11 &nbsp; Presentaci\u00f3n de su proyecto: Frente 3 de Fevereiro (Video)<\/p>\n","protected":false},"author":1,"featured_media":0,"parent":143,"menu_order":0,"comment_status":"closed","ping_status":"open","template":"","meta":{"footnotes":""},"categories":[5],"class_list":["post-499","page","type-page","status-publish","hentry","category-laboratorio"],"_links":{"self":[{"href":"https:\/\/mde.org.co\/mde11\/es\/wp-json\/wp\/v2\/pages\/499","targetHints":{"allow":["GET"]}}],"collection":[{"href":"https:\/\/mde.org.co\/mde11\/es\/wp-json\/wp\/v2\/pages"}],"about":[{"href":"https:\/\/mde.org.co\/mde11\/es\/wp-json\/wp\/v2\/types\/page"}],"author":[{"embeddable":true,"href":"https:\/\/mde.org.co\/mde11\/es\/wp-json\/wp\/v2\/users\/1"}],"replies":[{"embeddable":true,"href":"https:\/\/mde.org.co\/mde11\/es\/wp-json\/wp\/v2\/comments?post=499"}],"version-history":[{"count":0,"href":"https:\/\/mde.org.co\/mde11\/es\/wp-json\/wp\/v2\/pages\/499\/revisions"}],"up":[{"embeddable":true,"href":"https:\/\/mde.org.co\/mde11\/es\/wp-json\/wp\/v2\/pages\/143"}],"wp:attachment":[{"href":"https:\/\/mde.org.co\/mde11\/es\/wp-json\/wp\/v2\/media?parent=499"}],"wp:term":[{"taxonomy":"category","embeddable":true,"href":"https:\/\/mde.org.co\/mde11\/es\/wp-json\/wp\/v2\/categories?post=499"}],"curies":[{"name":"wp","href":"https:\/\/api.w.org\/{rel}","templated":true}]}}

<p><img loading="lazy" decoding="async" class="aligncenter size-full wp-image-501" title="Frente 3 de Febrero" src="https://mde.org.co/mde11/wp-content/uploads/sites/3/2011/08/Frente-3-de-Febrero.jpg" alt="" width="600" height="280" srcset="https://mde.org.co/mde11/wp-content/uploads/sites/3/2011/08/Frente-3-de-Febrero.jpg 600w, https://mde.org.co/mde11/wp-content/uploads/sites/3/2011/08/Frente-3-de-Febrero-300x140.jpg 300w" sizes="auto, (max-width: 600px) 100vw, 600px" /></p>
<p>El grupo nació en São Paulo (Brasil) tras el asesinato del joven negro Flavio Sant&#8217;Ana a manos de la Policía Militar en el año 2004. Cada uno de los integrantes de <strong>Frente 3 de Febrero </strong>(su traducción al español) procede de diferentes saberes. Se enfocan en la investigación e intervención artística del racismo en la sociedad brasileña, creando nuevas formas de lectura y contextualizando la información fragmentada que lanzan los medios masivos de información.</p>
<p><strong>Nuevas formas de manifestación alrededor de asuntos raciales son la base de las intervenciones artísticas del grupo, </strong>un medio que les permite recuperar el legado artístico de generaciones que pensaron en maneras de interactuar con el espacio urbano, la lucha histórica y la resistencia de la cultura afro-brasileña.</p>
<p>Su proyecto propone establecer un espacio de intercambio, reflexión y experiencia acerca del pasado y el futuro de las sociedades latinoamericanas. Para ello <strong>construyen un espacio a partir de la conexión virtual entre experiencias de ocupación militar o policial de “favelas” en Haití, Rio de Janeiro y Medellín.</strong></p>
<p>Para reflexionar acerca de esos temas, Frente 3 de Fevereiro propone en el MDE11 conocer mejor la experiencia de Medellín a partir de entrevistas, intercambios y charlas. De esas interacciones, invitan a grupos e individuos de la ciudad a una conversación pública con el ánimo de discutir y proponer intervenciones urbanas en el espacio público. Desarrollan, además, una producción audiovisual, musical y gráfica como resultado del proyecto.</p>
<p>Su trabajo en la ciudad de Medellín tiene una dimensión pedagógica fuertemente unida al trabajo artístico. <strong>El reto es construir una relación colaborativa con las comunidades, pero asumiendo la condición “efímera del trabajo artístico, sin caer en paternalismos.”</strong><strong></strong></p>
<p>&nbsp;</p>
<p><img loading="lazy" decoding="async" class="aligncenter size-full wp-image-500" title="" src="https://mde.org.co/mde11/wp-content/uploads/sites/3/2011/08/frase11.jpg" alt="" width="600" height="90" srcset="https://mde.org.co/mde11/wp-content/uploads/sites/3/2011/08/frase11.jpg 600w, https://mde.org.co/mde11/wp-content/uploads/sites/3/2011/08/frase11-300x45.jpg 300w" sizes="auto, (max-width: 600px) 100vw, 600px" /></p>
<p><strong>Sitio<br />
</strong><a href="http://www.frente3defevereiro.com.br/">www.frente3defevereiro.com.br</a></p>
<p>&nbsp;</p>
<p><strong>Sitios de interés</strong><br />
<a href="http://www.youtube.com/user/DanielLimaBR1" target="_blank">YouTube<br />
</a><a href="http://www.frente3defevereiro.com.br/blog/" target="_blank">Blog</a></p>
<p>&nbsp;</p>
<h2>Participación en el MDE11</h2>
<p>&nbsp;<br />
Presentación de su proyecto: <a href="http://vimeo.com/32173452" target="_blank">Frente 3 de Fevereiro</a> (Video)</p>
<p></p>

<p>El grupo nació en São Paulo (Brasil) tras el asesinato del joven negro Flavio Sant&#8217;Ana a manos de la Policía Militar en el año 2004. Cada uno de los integrantes de Frente 3 de Febrero (su traducción al español) procede de diferentes saberes. Se enfocan en la investigación e intervención artística del racismo en la sociedad brasileña, creando nuevas formas de lectura y contextualizando la información fragmentada que lanzan los medios masivos de información. Nuevas formas de manifestación alrededor de asuntos raciales son la base de las intervenciones artísticas del grupo, un medio que les permite recuperar el legado artístico de generaciones que pensaron en maneras de interactuar con el espacio urbano, la lucha histórica y la resistencia de la cultura afro-brasileña. Su proyecto propone establecer un espacio de intercambio, reflexión y experiencia acerca del pasado y el futuro de las sociedades latinoamericanas. Para ello construyen un espacio a partir de la conexión virtual entre experiencias de ocupación militar o policial de “favelas” en Haití, Rio de Janeiro y Medellín. Para reflexionar acerca de esos temas, Frente 3 de Fevereiro propone en el MDE11 conocer mejor la experiencia de Medellín a partir de entrevistas, intercambios y charlas. De esas interacciones, invitan a grupos e individuos de la ciudad a una conversación pública con el ánimo de discutir y proponer intervenciones urbanas en el espacio público. Desarrollan, además, una producción audiovisual, musical y gráfica como resultado del proyecto. Su trabajo en la ciudad de Medellín tiene una dimensión pedagógica fuertemente unida al trabajo artístico. El reto es construir una relación colaborativa con las comunidades, pero asumiendo la condición “efímera del trabajo artístico, sin caer en paternalismos.” &nbsp; Sitio www.frente3defevereiro.com.br &nbsp; Sitios de interés YouTube Blog &nbsp; Participación en el MDE11 &nbsp; Presentación de su proyecto: Frente 3 de Fevereiro (Video)</p>
